he highest common divisor of 56 and 24458?
14
Calculate the highest common divisor of 6715025 and 8475.
2825
Calculate the greatest common factor of 4263 and 4379.
29
Calculate the highest common divisor of 3850 and 12760.
110
What is the highest common factor of 6630 and 204?
102
Calculate the highest common factor of 72855 and 495.
45
What is the greatest common divisor of 95 and 6095?
5
What is the greatest common factor of 210 and 5926690?
70
Calculate the greatest common factor of 2275 and 3395.
35
What is the highest common divisor of 244027 and 217?
7
What is the highest common factor of 264 and 1640991?
33
Calculate the greatest common factor of 1620 and 220.
20
What is the highest common divisor of 1591 and 333?
37
What is the greatest common divisor of 249084 and 198?
198
Calculate the greatest common factor of 66 and 1559118.
66
What is the greatest common divisor of 691804 and 2?
2
What is the highest common divisor of 63 and 2859?
3
Calculate the highest common divisor of 16890 and 39.
3
What is the highest common factor of 244244 and 2849?
77
What is the greatest common factor of 1553183 and 716?
179
What is the greatest common divisor of 27 and 9892476?
27
What is the highest common factor of 37837 and 3856?
241
Calculate the greatest common factor of 17325 and 297.
99
Calculate the highest common factor of 207 and 589766.
23
What is the highest common factor of 723787 and 69?
23
What is the highest common divisor of 8 and 31560?
8
What is the highest common divisor of 3823534 and 319?
319
Calculate the greatest common divisor of 50640 and 15.
15
What is the greatest common factor of 763 and 61432?
7
Calculate the greatest common divisor of 14 and 641564.
14
What is the greatest common divisor of 2425 and 4785?
5
Calculate the greatest common divisor of 15928 and 24.
8
What is the greatest common divisor of 1522330 and 205?
205
What is the greatest common divisor of 30736 and 37808?
272
What is the greatest common divisor of 30 and 116140?
10
What is the greatest common factor of 4809 and 7?
7
What is the greatest common factor of 108604 and 212?
4
Calculate the highest common divisor of 764516 and 1572.
524
Calculate the highest common divisor of 17759 and 86.
43
What is the highest common factor of 7764 and 4188?
12
What is the greatest common factor of 2471946 and 6?
6
Calculate the highest common divisor of 28 and 20797.
7
Calculate the highest common factor of 5070 and 1248.
78
Calculate the highest common divisor of 180766 and 266.
38
Calculate the greatest common divisor of 130299 and 2570.
257
What is the greatest common factor of 976 and 4648?
8
What is the highest common divisor of 2584 and 12274?
646
Calculate the greatest common divisor of 2773 and 21808.
47
Calculate the highest common divisor of 1748 and 52.
4
What is the highest common divisor of 26 and 2133521?
13
What is the highest common factor of 731 and 17243?
43
Calculate the highest common divisor of 160113 and 456.
57
What is the greatest common divisor of 819842 and 119?
17
Calculate the highest common factor of 26 and 3072394.
26
Calculate the highest common factor of 1562 and 66.
22
Calculate the greatest common factor of 2635 and 6630.
85
What is the highest common divisor of 127998 and 702?
234
Calculate the highest common factor of 34155 and 12144.
759
Calculate the highest common divisor of 112 and 88144.
112
Calculate the highest common factor of 474 and 11.
1
What is the greatest common divisor of 17800 and 1575?
25
What is the greatest common factor of 419508 and 99?
9
Calculate the highest common factor of 7067419 and 79.
79
Calculate the highest common divisor of 18584 and 253.
23
What is the greatest common factor of 2750 and 3610?
10
What is the highest common divisor of 62886 and 2914?
94
What is the highest common factor of 29359 and 187?
187
Calculate the highest common factor of 17127 and 143.
11
What is the greatest common factor of 102278 and 11?
11
Calculate the greatest common factor of 58 and 370359.
29
Calculate the greatest common divisor of 7 and 12899.
1
What is the highest common factor of 155771 and 154?
77
What is the highest common divisor of 1722 and 224?
14
Calculate the greatest common divisor of 106128 and 24.
24
Calculate the highest common divisor of 108534 and 6.
6
What is the greatest common factor of 196 and 173117?
49
Calculate the highest common divisor of 36 and 17092.
4
What is the highest common factor of 1896117 and 12?
3
What is the greatest common factor of 245 and 75?
5
Calculate the greatest common divisor of 2170 and 8370.
310
What is the greatest common factor of 1536 and 8152?
8
Calculate the highest common factor of 101712 and 2418.
78
Calculate the greatest common divisor of 91663 and 39.
13
Calculate the greatest common factor of 13939 and 7.
1
What is the greatest common factor of 3915 and 135?
135
Calculate the greatest common divisor of 14390 and 95.
5
What is the greatest common factor of 792 and 697004?
44
Calculate the highest common factor of 320 and 46000.
80
What is the highest common divisor of 40035 and 3297?
471
Calculate the greatest common divisor of 63 and 172053.
63
What is the highest common factor of 16731 and 308?
11
What is the greatest common divisor of 33831 and 567?
189
Calculate the greatest common divisor of 516 and 172473.
129
Calculate the highest common factor of 47870 and 90.
10
What is the greatest common factor of 373908 and 8?
4
What is the greatest common factor of 2248 and 337762?
562
What is the highest common factor of 43070 and 246010?
730
Calculate the greatest common factor of 140970 and 48260.
1270
What is the highest common factor of 1664 and 3?
1
What is the highest common factor of 228 and 815772?
12
Calculate the highest common divisor of 724 and 14852860.
724
What is the highest common factor of 105537 and 10803?
831
Calculate the highest common divisor of 99168 and 120.
24
Calculate the highest common divisor of 2450 and 1010.
10
Calculate the highest common divisor of 9 and 20781.
9
Calculate the highest common divisor of 44456 and 24.
8
Calculate the highest common factor of 15 and 5205.
15
Calculate the greatest common divisor of 20655 and 162.
81
Calculate the greatest common factor of 299 and 80293.
23
What is the greatest common factor of 916056 and 54?
54
Calculate the greatest common factor of 762153 and 84.
21
What is the highest common divisor of 640089 and 153?
9
What is the highest common factor of 69 and 57040?
23
What is the greatest common divisor of 494397 and 27?
27
What is the greatest common divisor of 441 and 2268?
63
What is the greatest common factor of 58883 and 1166?
583
What is the greatest common divisor of 7 and 119861?
7
What is the greatest common divisor of 590 and 1361130?
590
What is the highest common divisor of 88155 and 270?
135
What is the greatest common divisor of 198317 and 2764?
691
What is the highest common divisor of 2848 and 51040?
32
Calculate the highest common divisor of 200164 and 1535.
307
Calculate the highest common factor of 2394 and 7378.
14
What is the greatest common divisor of 19393 and 28853?
473
What is the highest common divisor of 236 and 254998?
118
Calculate the greatest common factor of 8570 and 190.
10
What is the greatest common divisor of 189 and 29700?
27
What is the greatest common divisor of 17265 and 330?
15
Calculate the greatest common divisor of 65825 and 425.
25
Calculate the highest common factor of 41704 and 208.
104
Calculate the greatest common factor of 82605 and 30.
15
Calculate the greatest common divisor of 154898 and 246.
82
What is the greatest common divisor of 7105 and 73500?
245
What is the highest common divisor of 162 and 694818?
162
Calculate the greatest common divisor of 182 and 117260.
26
Calculate the highest common factor of 72856 and 266.
14
What is the highest common factor of 1101 and 3070689?
1101
Calculate the greatest common divisor of 18611 and 3515.
37
Calculate the greatest common factor of 9470 and 160.
10
What is the highest common divisor of 30107 and 385?
77
What is the greatest common divisor of 17370 and 130?
10
What is the highest common divisor of 146680 and 107160?
760
What is the highest common divisor of 1670 and 76987?
167
Calculate the